2 + 0*t**2 + 8 - 8*t - 1. Let i = 22 - 16. Determine b(i).
-5
Let x be -1*(0/(-3) - 5). Suppose -l + 7 = 2*s, l + s = x*s + 1. Suppose 2*t + 1 = l. Let r(m) = -m**3 + m**2 + m + 2. What is r(t)?
0
Let h(n) = 5*n**2 - 6*n - 1. Let z(d) be the first derivative of -4*d**3/3 + 5*d**2/2 - 9. Let g(o) = -3*h(o) - 4*z(o). Let k = 5 - 2. Determine g(k).
6
Let g = -4 - -9. Let c(p) = -4*p**2 + p**2 + g + 0*p**2 - 5*p + 4*p**2. Calculate c(5).
5
Let s(n) = 6*n - 5. Let y(u) = -11*u + 11. Let b(q) = -5*s(q) - 3*y(q). What is b(7)?
13
Let t = -94/3 - -32. Let i(r) be the third derivative of 0*r + 1/12*r**4 + 0 + 2*r**2 + 1/60*r**5 + t*r**3. What is i(-3)?
7
Let n(c) be the third derivative of c**4/6 - 5*c**3/6 - 6*c**2 + 2. Calculate n(2).
3
Let p(x) = 27*x**2 - 2. Suppose 29*t = 31*t + 14. Let h(b) be the first derivative of -13*b**3/3 + b - 1. Let l(j) = t*h(j) - 3*p(j). Determine l(-1).
9
Suppose -3*y - 2*s = 2*s - 15, -15 = -3*y - 2*s. Let m(r) be the first derivative of -3 - 1/3*r**3 + 7/2*r**2 - 6*r. Determine m(y).
4
Let q be 2/(-3) - (-16 + 15). Let c(t) be the first derivative of -q*t**3 - 4 + 1/4*t**4 + t - 1/2*t**2. What is c(2)?
3
Let w be (-12)/(-2)*(-10)/30. Let a = -8 + 4. Let y be (w*(-2)/a)/(-1). Let q(s) = -s**3 + 1. Give q(y).
0
Let x(d) = -11*d**2 + 8*d - 18. Let b(r) = -13*r**2 + 10*r - 20. Let f(p) = -6*b(p) + 7*x(p). Suppose 2*q = 5*q - 18. Calculate f(q).
6
Suppose 10 + 5 = -5*v. Let h(l) = -l**3 - 7*l**2 - 5*l - 3. What is h(v)?
-24
Let v = 5 + -3. Let w(j) = -1 - 2*j + j**v - 2*j - 3 - 3. Determine w(6).
5
Suppose -3*w = -2*z - 7, 2*z - 7*z = -2*w + 23. Let m(h) be the second derivative of h**4/6 - h. Determine m(w).
2
Let y be (3/(-2))/(39/(-182)). Let n(a) = a**2 - 8*a - 8. Calculate n(y).
-15
Suppose -v + 3*v + 5*q - 25 = 0, -5*v - 5 = -q. Suppose v = 5*u + 14 + 6, -13 = -n + 3*u. Let d(g) = 4*g**2 - 2*g + 1. Calculate d(n).
3
Suppose 2*a + 8 = k, 5*k - 4*a + 5 - 15 = 0. Suppose 3*y - y = 6. Let d(v) = -3 - 4*v + 0*v**y - v**2 - v**2 - v**3. Give d(k).
5
Let z(r) = 3*r + 4. Let j(s) = -s + 1. Let h(o) = 2*j(o) - z(o). What is h(-2)?
8
Let d(m) = -14*m + 13*m + 3*m. Determine d(6).
12
Let c(f) = -f**3 + 12*f**2 - 12*f + 13. Let t be c(11). Let o(j) = j - 7*j**t - j. Give o(-1).
-7
Let d(c) = -c**3 - 5*c**2 - 2*c - 1. Let j be d(-5). Let w = 12 - j. Let k(a) = -a**3 + 3*a**2 + 2*a - 3. Give k(w).
3
Let v(h) = -h**2 - 10*h - 7. Let a be 42/9*9/3. Let s(d) = -d**3 + 13*d**2 + 13*d + 9. Let y be s(a). What is v(y)?
18
Let o(f) = f**3 + 6*f**2 - 7*f + 4. Suppose -19 = 4*u + 9. Give o(u).
4
Suppose 0 = 3*t - 5*k - 1, -5*t + 3*k + 3 = -2*t. Let j(i) be the first derivative of -t*i + 3*i**2 + 1 - 1/3*i**3. What is j(4)?
6
Let f(x) be the third derivative of -x**5/60 + x**4/24 + x**3/6 - 2*x**2. Determine f(1).
1
Let a(s) = -s**3 + 4*s**2 + 5*s + 1. Let n be (10/(-1))/(2 + -4). What is a(n)?
1
Let d(g) = -2*g**2 + 1 - 2*g + g**3 - 2*g**2 + 6*g. Let i be 0 - -2 - (-16 - -15). Give d(i).
4
Let l = 33 - 32. Let n(q) = -2*q**3 - q**2 + 1. Give n(l).
-2
Let w(b) = -b**2 + 4*b. Suppose -3*a + 6 = -0. What is w(a)?
4
Let x = 23 + -14. Let r be 3*15/x - 1. Suppose -r*z + z + 1 = -2*c, -5*c + 4 = -z. Let b(v) = -2*v + 1. Determine b(c).
-1
Let r(q) = 0*q**2 - 2*q**2 - 2*q + 0*q**2 + 3*q**3 + 6*q + 1. Let i(a) = -13*a**3 + 8*a**2 - 17*a - 5. Let w(x) = -2*i(x) - 9*r(x). Determine w(3).
-14
Let g be 5/((-1)/(-1)*-1). Let s(k) = 7*k**3 + 7*k**2 + 16*k + 11. Let v(o) = 11*o**3 + 10*o**2 + 24*o + 17. Let j(a) = 8*s(a) - 5*v(a). What is j(g)?
-12
Let y(d) be the third derivative of 0*d**3 + 2*d**2 + 0*d + 7/60*d**5 + 0 - 1/24*d**4. What is y(1)?
6
Let u(p) = 0*p + 3*p + 4*p + p + 1. Calculate u(-1).
-7
Let n(v) be the first derivative of 7*v**4/4 - v**3/3 - v**2/2 + v - 2. What is n(1)?
6
Let b(v) = -v**3 - 3*v**2 - 5. Let l = 6 + -14. Let x = l - -4. Determine b(x).
11
Let v(f) = -2*f - 4. Let s be v(-4). Let l(j) = j**3 + 2*j**2 + 3. Let b(p) = 6*p**3 + 9*p**2 - p + 16. Let k(y) = -2*b(y) + 11*l(y). Give k(s).
9
Let q(i) = 49 - 25 - 15 + 3*i. Calculate q(-7).
-12
Let z = 1 + 0. Let v be 5/10 - (-1)/(-2). Let h(o) = -6*o + 4*o + v*o**2 - z - 2*o**2. What is h(-1)?
-1
Suppose -3*t = -46 + 121. Let s = t + 30. Let f(i) = -i**2 + 6*i + 2. What is f(s)?
7
Let i(k) = -k - 3. Let n be (-3)/(-2 - (-10)/8). What is i(n)?
-7
Suppose -5*m + 10 = 0, 2*x = 7*x + 2*m - 9. Let c(q) be the second derivative of -2*q**3/3 - q**2/2 - 3*q. What is c(x)?
-5
Suppose -2*h - 25 = -7*h. Suppose -3*g - r - 4 = -h*r, 5*r - 6 = 4*g. Let i = g + 3. Let o(s) = -5*s**3 + 2*s**2 + 2*s + 1. What is o(i)?
6
Let z(j) = 3*j**3 - 9*j**2 - 5*j - 2. Let n(d) = -13*d**2 + 0*d**3 - 10*d - 3 + 3*d + 4*d**3. Let b(v) = -5*n(v) + 7*z(v). What is b(-3)?
-8
Let g(w) = 2*w + 1. Let n be g(1). Let u(q) = -n*q + 1 - 5 + 0*q. Let r(p) = -p + 2. Let i be r(5). Calculate u(i).
5
Let z(p) be the first derivative of 4*p + 1 - 2*p**2 + 4/3*p**3 + 1/4*p**4. Let l be z(-5). Let j(r) = 7*r**3 - r**2 - 2*r - 1. Calculate j(l).
-7
Let q be 12*(0 - (-6)/(-4)). Let c be (-1)/(-4) - q/(-8). Let x(d) = 2*d**2 + 6*d - 1. Let j(o) = -o**2 - 3*o. Let i(n) = -7*j(n) - 3*x(n). Give i(c).
1
Let g = 40 - 20. Suppose g = -2*b - 2*b. Let s(q) = 2*q + 5. What is s(b)?
-5
Let g(f) = -f**2 + 5*f + 3. Let d(o) = o. Let p be d(4). Determine g(p).
7
Let z(d) = 82 + 3*d + 6*d**2 + d - d**3 - 78. Calculate z(7).
-17
Let m = 4 - 9. Let f(k) = 3*k**3 + 25*k**2 + 19*k - 13. Let i(p) = -p**3 - 8*p**2 - 6*p + 4. Let r(a) = -2*f(a) - 7*i(a). Give r(m).
3
Let i(d) = -4*d**2 + d - 1 + d**2 + 2*d**2. Suppose -5*c + 10 = 4*v, -6*c + 2*c - v - 3 = 0. Determine i(c).
-7
Let p be 12*(27/(-6) + 4). Let i be 1/(1/1) - 1. Let u(z) = i*z**2 + z**2 + 5*z + 1 - 3. Determine u(p).
4
Let i(d) = -d - 7. Let p be -10 + 2*(-1 + 3). What is i(p)?
-1
Let x(w) = 4 - 15 + 11 - 15*w. What is x(-1)?
15
Let c(b) be the third derivative of -b**5/20 - b**4/24 + 2*b**3/3 - 2*b**2. Let j(i) be the first derivative of c(i). Calculate j(-1).
5
Let q(b) = -4*b**3 + 12*b**2 - 22*b - 3. Let n(z) = -3*z**3 + 8*z**2 - 15*z - 2. Let c(g) = 7*n(g) - 5*q(g). Determine c(-5).
1
Let w = -4 + 1. Let p(y) be the first derivative of 2*y**2 + 2*y + 85. Calculate p(w).
-10
Let h(j) = 1 - 4*j**2 - 4 + 0*j**3 + j**3. Let z(a) = 2 + 2 - a**3 + a**2 + 5*a + 3*a**2. Let f be z(5). Give h(f).
-3
Let a(z) = -z**2 - 2*z + 1. Suppose 0 = j + 2*j - 2*b + 1, 0 = -5*j + b + 10. Let t be j - ((-9)/(-3) - 2). Determine a(t).
-7
Let t = 11 - 8. Suppose -3*u + t - 12 = 0. Let i(v) = -8*v**2 - 5*v. Let d(m) = 7*m**2 + 5*m. Let j(r) = 7*d(r) + 6*i(r). Determine j(u).
-6
Suppose -5*j - 5 = 4*w, 2*j - 2*w - 17 = -1. Suppose 0*f + 2*f + 1 = g, 5*f - j*g = -5. Let d(z) = 3*z - 2. Give d(f).
4
Let k be (18/8)/(18/48). Let j = k + -6. Suppose 0 = 3*p - j*p - 6. Let f(u) = -4*u - 1. Give f(p).
-9
Let f(w) = -1 + 1 - 42*w - w**2 + 33*w. Calculate f(-8).
8
Suppose 4*w = -0*w - 20. Let k(a) = -a - 8. Let v be k(w). Let l(g) = g**3 + 4*g**2 + 4*g + 2. Give l(v).
-1
Let z(d) = d. Let q(n) = -n. Let o(x) = -q(x) + z(x). What is o(-3)?
-6
Let g be (-81)/(-15) - 6/15. Let c = 5 + -1. Let b(l) = 9*l**2 + 0 + 3 - c*l**2 - l**3. What is b(g)?
3
Suppose -2*l - 13 = 3*x, -l - 2 = 4*x - 7*x. Let i(y) = -y**2 - 6*y - 3. Calculate i(l).
2
Let m(z) = z**2 + 6*z + 2. Suppose 3*v = 4*c - 17, -c - 13 = 3*v - 3*c. What is m(v)?
-7
Let a(x) = 2 - 594*x**3 + 595*x**3 + 3*x - 5*x**2 + 1. Determine a(4).
-1
Let d(q) be the second derivative of q**5/20 - q**3/6 + 45*q. Give d(-1).
0
Let a(w) = w**2 - 7*w - 2. Let h = -15 + 13. Let z(t) = -t**3 + 3*t + 4. Let m be z(h). What is a(m)?
-8
Let f(k) be the third derivative of -k**4/24 + k**3/6 + 4*k**2. Calculate f(-2).
3
Let z = -19 - -7. Let w = -7 - z. Let r(h) be the third derivative of -h**5/60 + h**4/6 - h**3/6 - 3*h**2. Give r(w).
-6
Let k(s) be the third derivative of -s**6/120 + s**5/6 - s**4/4 - s**3 + s**2 - 10. Determine k(9).
21
Let r(p) = p**2 + 3*p + 2. Suppose 3*o = 2*o + 3*b + 42, o - b - 36 = 0. Let k be o/(-6) - (-6)/4. Calculate r(k).
6
Let d(y) be the first derivative of -y**2/2 - y + 12. Let b(w) = 2*w + 5. Let m be b(-4). Determine d(m).
2
Suppose 3*a - 12 = -a. Let v(c) = -c**3 + 2*c**2 + c + 4. Let k be v(a). Let g(u) be the second derivative of -2*u**3/3